684 and 258.
6
Calculate the greatest common divisor of 3015 and 180.
45
What is the greatest common divisor of 527 and 93?
31
Calculate the highest common factor of 4900 and 49.
49
What is the greatest common divisor of 55 and 2189?
11
What is the highest common factor of 700 and 28?
28
Calculate the greatest common factor of 203 and 174.
29
What is the greatest common factor of 5547 and 516?
129
Calculate the greatest common factor of 544 and 128.
32
What is the greatest common divisor of 210 and 28?
14
What is the highest common divisor of 32 and 1568?
32
Calculate the greatest common divisor of 583 and 1272.
53
Calculate the greatest common divisor of 44 and 187.
11
What is the greatest common factor of 2756 and 4452?
212
Calculate the greatest common divisor of 117 and 18.
9
Calculate the greatest common divisor of 35 and 560.
35
Calculate the greatest common divisor of 152 and 2318.
38
What is the highest common factor of 41 and 3?
1
Calculate the greatest common factor of 2422 and 70.
14
What is the greatest common factor of 38 and 969?
19
Calculate the highest common divisor of 187 and 132.
11
What is the highest common divisor of 45 and 207?
9
Calculate the highest common factor of 2814 and 42.
42
Calculate the greatest common divisor of 72 and 768.
24
What is the greatest common factor of 165 and 319?
11
What is the greatest common factor of 28 and 3584?
28
What is the greatest common factor of 20 and 5480?
20
Calculate the highest common divisor of 25 and 17.
1
What is the greatest common divisor of 13 and 1417?
13
What is the greatest common divisor of 836 and 44?
44
What is the greatest common divisor of 4018 and 56?
14
Calculate the greatest common divisor of 9730 and 7.
7
Calculate the highest common divisor of 56 and 518.
14
What is the greatest common divisor of 575 and 25?
25
What is the greatest common divisor of 1200 and 390?
30
Calculate the highest common factor of 320 and 4384.
32
What is the greatest common factor of 60 and 1140?
60
Calculate the highest common divisor of 301 and 7.
7
Calculate the greatest common divisor of 118 and 3.
1
What is the greatest common divisor of 72 and 568?
8
What is the greatest common factor of 600 and 420?
60
What is the highest common factor of 183 and 2684?
61
What is the greatest common factor of 232 and 104?
8
Calculate the highest common factor of 3237 and 78.
39
Calculate the highest common factor of 789 and 3.
3
Calculate the greatest common divisor of 143 and 91.
13
Calculate the greatest common divisor of 558 and 234.
18
Calculate the greatest common factor of 10 and 2280.
10
Calculate the greatest common divisor of 154 and 693.
77
Calculate the greatest common divisor of 204 and 168.
12
Calculate the greatest common factor of 92 and 34592.
92
What is the highest common factor of 160 and 1536?
32
What is the greatest common factor of 23 and 7521?
23
Calculate the highest common factor of 304 and 684.
76
Calculate the greatest common factor of 28 and 28.
28
What is the highest common factor of 3735 and 180?
45
Calculate the highest common factor of 338 and 26.
26
What is the greatest common divisor of 2 and 19?
1
What is the highest common factor of 345 and 2655?
15
Calculate the greatest common divisor of 5918 and 66.
22
What is the greatest common factor of 38 and 209?
19
Calculate the highest common divisor of 21 and 2471.
7
What is the greatest common factor of 16 and 436?
4
Calculate the highest common factor of 121 and 1012.
11
Calculate the highest common divisor of 11676 and 84.
84
What is the highest common divisor of 186 and 1984?
62
Calculate the highest common factor of 3000 and 48.
24
What is the greatest common factor of 5396 and 76?
76
What is the greatest common divisor of 141 and 517?
47
What is the highest common divisor of 225 and 60?
15
Calculate the highest common factor of 334 and 62291.
167
What is the highest common divisor of 345 and 414?
69
Calculate the greatest common divisor of 3 and 87.
3
What is the highest common divisor of 220 and 225?
5
Calculate the highest common factor of 6399 and 117.
9
Calculate the highest common divisor of 47 and 51841.
47
What is the highest common factor of 604 and 7399?
151
What is the greatest common divisor of 20 and 20?
20
What is the highest common divisor of 14 and 567?
7
What is the greatest common divisor of 154 and 231?
77
Calculate the greatest common divisor of 212 and 1802.
106
What is the greatest common factor of 8 and 116?
4
Calculate the highest common factor of 99 and 110.
11
Calculate the greatest common factor of 114 and 4731.
57
Calculate the highest common divisor of 6976 and 109.
109
What is the greatest common divisor of 162 and 243?
81
What is the highest common divisor of 53915 and 205?
205
What is the highest common factor of 154 and 18634?
154
Calculate the greatest common divisor of 53 and 1749.
53
Calculate the greatest common factor of 795 and 24.
3
Calculate the greatest common divisor of 60 and 12.
12
What is the greatest common factor of 140 and 406?
14
What is the highest common factor of 1092 and 52?
52
What is the greatest common factor of 2 and 103?
1
What is the greatest common factor of 1891 and 124?
31
Calculate the greatest common divisor of 3649 and 89.
89
Calculate the highest common factor of 2255 and 615.
205
Calculate the highest common factor of 1397 and 11.
11
What is the greatest common factor of 781 and 11?
11
Calculate the greatest common divisor of 32 and 32.
32
Calculate the highest common factor of 56 and 152.
8
Calculate the highest common divisor of 8 and 376.
8
Calculate the highest common factor of 720 and 45.
45
Calculate the greatest common divisor of 9 and 208.
1
What is the highest common factor of 112 and 84?
28
What is the greatest common divisor of 48 and 568?
8
What is the highest common divisor of 1040 and 104?
104
Calculate the greatest common divisor of 299 and 13.
13
What is the highest common divisor of 152 and 114?
38
Calculate the highest common divisor of 34 and 442.
34
Calculate the highest common factor of 5 and 6005.
5
What is the highest common divisor of 572 and 1196?
52
What is the highest common factor of 2107 and 49?
49
Calculate the highest common factor of 64 and 368.
16
What is the greatest common divisor of 44 and 1331?
11
Calculate the greatest common factor of 49 and 14.
7
What is the greatest common factor of 24 and 3?
3
What is the greatest common factor of 36356 and 122?
122
What is the greatest common divisor of 316 and 4?
4
What is the highest common divisor of 1024 and 112?
16
Calculate the highest common divisor of 72 and 1572.
12
Calculate the highest common divisor of 961 and 155.
31
What is the greatest common factor of 1632 and 102?
102
What is the highest common divisor of 78 and 26?
26
Calculate the greatest common factor of 4 and 2876.
4
What is the greatest common factor of 42 and 35?
7
Calculate the greatest common divisor of 174 and 54.
6
What is the highest common factor of 1220 and 250?
10
Calculate the greatest common divisor of 1723 and 1.
1
Calculate the greatest common factor of 1722 and 294.
42
Calculate the greatest common divisor of 71 and 37.
1
Calculate the greatest common factor of 6188 and 65.
13
Calculate the highest common divisor of 78 and 442.
26
What is the greatest common divisor of 6 and 141?
3
What is the highest common divisor of 2162 and 23?
23
What is the greatest common divisor of 16 and 1?
1
What is the greatest common factor of 161 and 943?
23
What is the highest common factor of 4 and 50?
2
Calculate the highest common factor of 218 and 763.
109
What is the greatest common divisor of 7 and 12313?
7
What is the highest common factor of 253 and 3956?
23
What is the greatest common factor of 54 and 27?
27
Calculate the greatest common divisor of 34 and 2363.
17
What is the greatest common factor of 2474 and 2?
2
What is the greatest common factor of 68 and 1156?
68
What is the highest common factor of 78 and 143?
13
What is the greatest common divisor of 1773 and 90?
9
Calculate the highest common factor of 221 and 51.
17
Calculate the highest common factor of 16 and 3.
1
What is the highest common factor of 6 and 1191?
3
What is the greatest common divisor of 14736 and 48?
48
What is th